ppose 32*o + 20*o + 17*o = 828. Calculate the highest common divisor of y and o.
12
Suppose 3*n = 4*y + 88, -5*n + 2*y = -136 - 34. What is the highest common divisor of n and 1449?
9
Suppose 5*l = 10*l - 195. Let q = -8038 + 8050. Calculate the greatest common factor of q and l.
3
Suppose 9*s = 5*s - 2*g + 34, 4*g + 31 = s. Suppose -s*k + 1308 = -903. What is the highest common factor of k and 3?
3
Suppose -2*v = -4*v + 3*i + 2903, 4*i - 7246 = -5*v. Let d be v + (25/(-5) - 0). What is the greatest common factor of 85 and d?
85
Suppose 5*r - 10505 = -5. Suppose 2*o - r = -19*o. What is the greatest common factor of 20 and o?
20
Let w = -2521 - -3466. What is the greatest common factor of w and 70?
35
Let o = 1785 + -1540. Suppose 5*u - 1590 = -3*a, -2*u = -3*u - 5*a + 296. Let r be u/9 - (-4)/(-6). What is the highest common factor of o and r?
35
Let p be (-586 - -6) + 4*1. Let f = 791 + p. Calculate the highest common divisor of f and 5.
5
Let z(j) = -j**2 - 30*j - 19. Let l be z(-28). Suppose -l*d + 34*d = -3. Calculate the greatest common factor of d and 47.
1
Let q(a) = 5*a + 356. Let k be q(0). Calculate the greatest common divisor of 16 and k.
4
Let b(k) = 61*k - 2209. Let c be b(39). Calculate the highest common divisor of c and 50.
10
Let w(q) = -9 - 53*q - 51*q + 102*q. Let j(p) = -1. Let n(m) = 3*j(m) + w(m). Let o be n(-13). What is the greatest common divisor of o and 70?
14
Suppose 4*x = -2*l + 686, x - 514*l - 167 = -513*l. What is the highest common factor of x and 35?
5
Let b(h) = -49*h - 1167. Let v be b(-25). Calculate the highest common divisor of v and 8.
2
Let s(h) = h**3 - 23*h**2 - 6*h + 20. Let p be s(25). Suppose -17*t = -9*t - p. What is the greatest common factor of 56 and t?
28
Let r = 6360 - 5125. Calculate the greatest common factor of 171 and r.
19
Let n = -107 + 163. Suppose n*j - 83*j = -8100. Calculate the greatest common divisor of 36 and j.
12
Let u = 2476 + -2031. Calculate the highest common divisor of 89 and u.
89
Let s be 1/4 + 5190/8. Suppose 0 = 3*q + 4*l + 23, -2*q = 5*l + 52 - 4. Calculate the greatest common divisor of s and q.
11
Let x = -5 - -12. Suppose -442 - 300 = -2*n. Calculate the highest common divisor of n and x.
7
Suppose -133*j + 155*j = 330. Suppose 3*t = 4*t - 120. What is the highest common factor of j and t?
15
Suppose -16*z + 64 = -144. Calculate the greatest common divisor of 6903 and z.
13
Let x = 154 + -166. Let g = -111 + 231. Let z = x + g. What is the highest common divisor of 72 and z?
36
Let p = -48180 + 48188. Let w(n) = n**3 + 5*n**2 - 9*n + 1. Let v be w(-7). Let z = 66 + v. What is the greatest common factor of z and p?
8
Let o = -5 - -9. Let u = 188366 - 188272. What is the highest common divisor of o and u?
2
Suppose 116*o - 773518 = -323*o. What is the highest common factor of o and 6?
2
Let j(w) = 6*w**2 - 3*w. Let i be j(4). Suppose -2*z - 25 = -57. Let c be (z + -4)*(14/3 + 0). Calculate the highest common factor of c and i.
28
Let t = 7 + 4. Let a = -18178 - -18255. Calculate the highest common factor of t and a.
11
Let t = 12745 - 11702. Calculate the greatest common factor of t and 1341.
149
Suppose 22 = 4*f - 2*o, 0 = 3*f - 0*o - 3*o - 15. Suppose 85 = -73*u + 78*u. Suppose 330 - 75 = u*q. What is the highest common divisor of f and q?
3
Suppose -7*b = -25*b + 126873 + 38475. Calculate the greatest common factor of b and 6.
6
Let n be (-12 - -7 - 22/6)/(4/(-126)). Calculate the highest common divisor of n and 39.
39
Let j = -1090 - -1142. Let c = 37 + 132. Calculate the greatest common factor of j and c.
13
Suppose 0 = -s - 3*s + 208. Let r be (-13923)/(-119)*(0 - 1/(-3)). What is the greatest common factor of s and r?
13
Let c = -1695 - -2205. Calculate the greatest common factor of c and 80.
10
Let u(a) = 232*a - 1301. Let y be u(8). What is the greatest common divisor of y and 615?
15
Let o(x) be the first derivative of 16*x**2 - 16*x + 74. Let f be o(4). What is the highest common factor of 28 and f?
28
Let k(y) = 2*y - 14 - 4 + 0*y - y. Let b(v) = 3*v - 37. Let w(p) = -4*b(p) + 9*k(p). Let l be w(-7). Calculate the greatest common divisor of 63 and l.
7
Let b be 592/20 - (-6)/15. Let i = -418 + 47. Let r = -356 - i. What is the greatest common divisor of b and r?
15
Let z(w) = w**2 + 17*w + 5. Let j be z(-13). Let v = j - -46. Let u be (2/6)/(v/(-81 - -3)). What is the greatest common divisor of 182 and u?
26
Let z = -378 - -416. Suppose 5*w = 4*q + 121, -5*q - z = -2*w - 6*q. What is the greatest common factor of 49 and w?
7
Let x = -361 + 637. Calculate the greatest common divisor of x and 36.
12
Suppose 0 = -g + i + 163, -3*g + 449*i + 493 = 445*i. What is the greatest common factor of g and 10653?
159
Let f be ((-90)/(-10) + -193)/((-3)/12). Calculate the greatest common divisor of 40 and f.
8
Let y(k) = k**3 + 30*k**2 - 44*k + 38. Let z be y(-31). Let q be (13 + (-203)/14)*(-85 - -1). Calculate the highest common divisor of z and q.
63
Let x = -1098 + -736. Let v be 5/10 - x/4. Calculate the highest common divisor of v and 51.
51
Let f(u) = 732*u + 2880. Let t be f(-3). Let d = 69 - 33. Calculate the greatest common divisor of d and t.
36
Let w(n) = -7*n + 14. Let l be w(0). Suppose l*c + 2*c = 1792. Let y = -39 + 55. Calculate the highest common factor of c and y.
16
Let k be ((-2)/(-6))/((-8)/(-96)). Suppose -2*a = 5*o - 841, 9*o - 7*o + 1670 = k*a. Calculate the greatest common factor of 38 and a.
38
Let d(h) = -h**2 - 4*h + 4. Let b be d(-4). Let q be ((-1)/((-15)/6))/(1/(-65)). Let j = 32 + q. Calculate the highest common factor of b and j.
2
Suppose -71 = 3*d + 2*o, -5*d - 127 - 28 = -4*o. Let g = 242 + d. What is the highest common factor of 5 and g?
5
Let b(k) = 394*k + 10621. Let j be b(-26). What is the highest common factor of 638 and j?
29
Suppose -49 = 3*i + 5*a, 3*i - 2*a = -63 + 7. Let d = i - -32. Let m(o) = o**2 - 12*o - 9. Let s be m(d). Calculate the highest common divisor of 19 and s.
19
Let f(v) be the third derivative of -v**5/60 - 17*v**4/24 - 19*v**3/6 + 3*v**2 + 8*v. Let g be f(-14). Calculate the greatest common divisor of 368 and g.
23
Let u be 2/(1*-20) - (11606597/(-170) + 48). Calculate the highest common factor of u and 411.
411
Suppose 0 = -67*w + 13381 + 6206 - 1363. Calculate the greatest common divisor of 459 and w.
17
Suppose -6*t - 474 = -522. Calculate the greatest common divisor of t and 9496.
8
Suppose 4*w = 3*v - 0*v, 5*w - 3*v = 3. Suppose -w*y + 69 + 3 = 0. Suppose -17*c + 6 = -157 + 27. Calculate the highest common divisor of c and y.
8
Let u(h) = 2*h**3 + 7*h**2 - 77*h - 14. Let j be u(7). Let c = 661 - j. Calculate the highest common divisor of 74 and c.
37
Let m(l) = l**3 + 13*l**2 - 11*l - 13. Let c be m(-14). Let b = c + 56. Let j be (10/20)/(b/150). What is the greatest common factor of j and 15?
15
Let g = -492 - -196. Let k = -288 - g. Let m(q) = 28*q**2 - q + 1. Let i be m(1). Calculate the greatest common factor of k and i.
4
Let z be (-6)/9 + 15/9. Suppose -z = 4*c - 5. Let y be c/(4/(44 + 0)). What is the greatest common factor of 88 and y?
11
Let s be (2/(-17))/(-1) - (-21834)/(-51). Let p = s + 492. Calculate the highest common divisor of p and 16.
16
Suppose 4*r - 373*g = -378*g + 1259, -4*r + 1267 = -3*g. What is the highest common factor of r and 869?
79
Suppose -d = 4*b - 3175, 0 = -10*d + 5*d + 15. Calculate the greatest common divisor of b and 13.
13
Let v = 159 - 110. Let s = -42 + v. What is the highest common factor of s and 77?
7
Suppose -4*t + 14685 + 2227 = 0. Calculate the greatest common divisor of t and 28.
28
Let r(a) = -a**2 - 16*a - 13. Let i be r(-8). Let o = 56 - i. Suppose -4*v = -5*g - 255, g + 4*g + 315 = o*v. Calculate the highest common factor of 12 and v.
12
Let k(b) = 2*b - 24. Let n be k(22). Suppose -w = 2*w + 5*y - 209, 5*y - n = 0. Calculate the greatest common factor of 49 and w.
7
Let n(k) = -7*k + 8. Let f be n(0). Suppose -4*v = 0, 5*t - 138 = 4*v - f. What is the highest common divisor of t and 286?
26
Suppose 36*j = 66823 + 38369. Calculate the highest common divisor of j and 18.
6
Suppose -14*g - 792 = -23*g. Let j = g + -34. Calculate the highest common factor of 90 and j.
18
Let z = -60 + 99. Suppose 0 = 2*m + 5*n - 0*n - z, n + 165 = 5*m. Let b = -